{"id":236,"date":"2020-06-02T20:52:19","date_gmt":"2020-06-02T20:52:19","guid":{"rendered":"http:\/\/bedandbreakfastdekemahuis.nl\/?page_id=236"},"modified":"2025-06-23T11:22:01","modified_gmt":"2025-06-23T11:22:01","slug":"dekemahuis-2","status":"publish","type":"page","link":"https:\/\/bedandbreakfastdekemahuis.nl\/?page_id=236&lang=de","title":{"rendered":"Willkommen"},"content":{"rendered":"\n<h2 class=\"wp-block-heading has-text-align-center\">Willkommen im Bed und Breakfast Dekemahuis<\/h2>\n\n\n\n<p><strong>UPDATE: Temporarily not available due to long stay<\/strong><\/p>\n\n\n\n<p>Mitten im historischen Stadtzentrum von Franeker finden Sie dieses attraktive Bed und Breakfast. Das Hotel liegt an den Breedeplaats, wo Sie gem\u00fctliche Terrassen, Gesch\u00e4fte und die monumentale Martini-Kirche finden. Vergessen Sie nicht, zum Royal Eise Eisinga Planetarium, Martena Museum oder Kaatsmuseum zu gehen. <br><br><meta charset=\"utf-8\">Sie bleibe in einem Zimmer mit Bad im ersten Stock. Dieses Zimmer verf\u00fcgt \u00fcber zwei miteinander verbundene Boxspringbette  die zusammen ein Doppelbett bilden. Diese Betten k\u00f6nnen jedoch auch getrennt voneinander aufgestellt werden. Auf dieser Etage befindet sich auch eine separate Toilette. Das private Badezimmer mit einer sch\u00f6nen Regendusche und einer zweiten Toilette befindet sich im zweiten Stock. <br><br>Wenn Sie mit 3 oder 4 Personen \u00fcbernachten, erhalten Sie standardm\u00e4\u00dfig ein zus\u00e4tzliches Zimmer mit Doppelbett. Wenn Sie dieses zus\u00e4tzliche Zimmer w\u00fcnschen, wenn Sie mit zwei Personen anreisen, k\u00f6nnen Sie dies bei der Buchung angeben.<br><br>Lassen Sie sich verw\u00f6hnen und genie\u00dfen Sie das Angebot von B&amp;B Dekemahuis<\/p>\n\n\n\n<figure class=\"wp-block-image size-large is-resized\"><img loading=\"lazy\" decoding=\"async\" width=\"1024\" height=\"413\" src=\"https:\/\/bedandbreakfastdekemahuis.nl\/wp-content\/uploads\/2020\/07\/Panorama.1.def_.72dpi-3-1024x413.jpg\" alt=\"\" class=\"wp-image-523\" style=\"width:665px;height:267px\" srcset=\"https:\/\/bedandbreakfastdekemahuis.nl\/wp-content\/uploads\/2020\/07\/Panorama.1.def_.72dpi-3-1024x413.jpg 1024w, https:\/\/bedandbreakfastdekemahuis.nl\/wp-content\/uploads\/2020\/07\/Panorama.1.def_.72dpi-3-300x121.jpg 300w, https:\/\/bedandbreakfastdekemahuis.nl\/wp-content\/uploads\/2020\/07\/Panorama.1.def_.72dpi-3-768x309.jpg 768w, https:\/\/bedandbreakfastdekemahuis.nl\/wp-content\/uploads\/2020\/07\/Panorama.1.def_.72dpi-3-1536x619.jpg 1536w, https:\/\/bedandbreakfastdekemahuis.nl\/wp-content\/uploads\/2020\/07\/Panorama.1.def_.72dpi-3-2048x825.jpg 2048w\" sizes=\"auto, (max-width: 1024px) 100vw, 1024px\" \/><\/figure>\n\n\n\n<figure class=\"wp-block-image size-large is-resized\"><img loading=\"lazy\" decoding=\"async\" width=\"1024\" height=\"683\" src=\"https:\/\/bedandbreakfastdekemahuis.nl\/wp-content\/uploads\/2020\/07\/RJH5189.72dpi-2-1024x683.jpg\" alt=\"\" class=\"wp-image-516\" style=\"width:664px;height:442px\" srcset=\"https:\/\/bedandbreakfastdekemahuis.nl\/wp-content\/uploads\/2020\/07\/RJH5189.72dpi-2-1024x683.jpg 1024w, https:\/\/bedandbreakfastdekemahuis.nl\/wp-content\/uploads\/2020\/07\/RJH5189.72dpi-2-300x200.jpg 300w, https:\/\/bedandbreakfastdekemahuis.nl\/wp-content\/uploads\/2020\/07\/RJH5189.72dpi-2-768x512.jpg 768w, https:\/\/bedandbreakfastdekemahuis.nl\/wp-content\/uploads\/2020\/07\/RJH5189.72dpi-2.jpg 1194w\" sizes=\"auto, (max-width: 1024px) 100vw, 1024px\" \/><\/figure>\n\n\n\n<figure class=\"wp-block-image size-large is-resized\"><img loading=\"lazy\" decoding=\"async\" width=\"850\" height=\"567\" src=\"https:\/\/bedandbreakfastdekemahuis.nl\/wp-content\/uploads\/2020\/07\/RJH5493.dekbed.72-1.jpg\" alt=\"\" class=\"wp-image-599\" style=\"width:663px;height:441px\" srcset=\"https:\/\/bedandbreakfastdekemahuis.nl\/wp-content\/uploads\/2020\/07\/RJH5493.dekbed.72-1.jpg 850w, https:\/\/bedandbreakfastdekemahuis.nl\/wp-content\/uploads\/2020\/07\/RJH5493.dekbed.72-1-300x200.jpg 300w, https:\/\/bedandbreakfastdekemahuis.nl\/wp-content\/uploads\/2020\/07\/RJH5493.dekbed.72-1-768x512.jpg 768w\" sizes=\"auto, (max-width: 850px) 100vw, 850px\" \/><\/figure>\n","protected":false},"excerpt":{"rendered":"<p>Willkommen im Bed und Breakfast Dekemahuis UPDATE: Temporarily not available due to long stay Mitten im historischen Stadtzentrum von Franeker finden Sie dieses attraktive Bed und Breakfast. Das Hotel liegt an den Breedeplaats, wo Sie gem\u00fctliche Terrassen, Gesch\u00e4fte und die monumentale Martini-Kirche finden. Vergessen Sie nicht, zum Royal Eise Eisinga Planetarium, Martena Museum oder Kaatsmuseum [&hellip;]<\/p>\n","protected":false},"author":1,"featured_media":0,"parent":0,"menu_order":0,"comment_status":"closed","ping_status":"closed","template":"","meta":{"footnotes":""},"class_list":["post-236","page","type-page","status-publish","hentry"],"yoast_head":"<!-- This site is optimized with the Yoast SEO plugin v27.5 - https:\/\/yoast.com\/product\/yoast-seo-wordpress\/ -->\n<title>Willkommen - Bed and Breakfast Dekemahuis<\/title>\n<meta name=\"robots\" content=\"index, follow, max-snippet:-1, max-image-preview:large, max-video-preview:-1\" \/>\n<link rel=\"canonical\" href=\"https:\/\/bedandbreakfastdekemahuis.nl\/?page_id=236&lang=de\" \/>\n<meta property=\"og:locale\" content=\"nl_NL\" \/>\n<meta property=\"og:type\" content=\"article\" \/>\n<meta property=\"og:title\" content=\"Willkommen - Bed and Breakfast Dekemahuis\" \/>\n<meta property=\"og:description\" content=\"Willkommen im Bed und Breakfast Dekemahuis UPDATE: Temporarily not available due to long stay Mitten im historischen Stadtzentrum von Franeker finden Sie dieses attraktive Bed und Breakfast. Das Hotel liegt an den Breedeplaats, wo Sie gem\u00fctliche Terrassen, Gesch\u00e4fte und die monumentale Martini-Kirche finden. Vergessen Sie nicht, zum Royal Eise Eisinga Planetarium, Martena Museum oder Kaatsmuseum [&hellip;]\" \/>\n<meta property=\"og:url\" content=\"https:\/\/bedandbreakfastdekemahuis.nl\/?page_id=236&amp;lang=de\" \/>\n<meta property=\"og:site_name\" content=\"Bed and Breakfast Dekemahuis\" \/>\n<meta property=\"article:publisher\" content=\"https:\/\/www.facebook.com\/Bed-and-Breakfast-Dekemahuis-100113801740109\/?ref=nf&amp;amp%3bamp%3bamp%3bhc_ref=ARRSiNTYTanH7JfdS9gjyJaWbj_YzmxISSiUXAHn684rWyem9xiow0GBEohp1vGiymQ\" \/>\n<meta property=\"article:modified_time\" content=\"2025-06-23T11:22:01+00:00\" \/>\n<meta property=\"og:image\" content=\"https:\/\/bedandbreakfastdekemahuis.nl\/wp-content\/uploads\/2020\/07\/Panorama.1.def_.72dpi-3.jpg\" \/>\n\t<meta property=\"og:image:width\" content=\"2115\" \/>\n\t<meta property=\"og:image:height\" content=\"852\" \/>\n\t<meta property=\"og:image:type\" content=\"image\/jpeg\" \/>\n<meta name=\"twitter:card\" content=\"summary_large_image\" \/>\n<meta name=\"twitter:label1\" content=\"Geschatte leestijd\" \/>\n\t<meta name=\"twitter:data1\" content=\"2 minuten\" \/>\n<script type=\"application\/ld+json\" class=\"yoast-schema-graph\">{\"@context\":\"https:\\\/\\\/schema.org\",\"@graph\":[{\"@type\":\"WebPage\",\"@id\":\"https:\\\/\\\/bedandbreakfastdekemahuis.nl\\\/?page_id=236&lang=de\",\"url\":\"https:\\\/\\\/bedandbreakfastdekemahuis.nl\\\/?page_id=236&lang=de\",\"name\":\"Willkommen - Bed and Breakfast Dekemahuis\",\"isPartOf\":{\"@id\":\"https:\\\/\\\/bedandbreakfastdekemahuis.nl\\\/#website\"},\"primaryImageOfPage\":{\"@id\":\"https:\\\/\\\/bedandbreakfastdekemahuis.nl\\\/?page_id=236&lang=de#primaryimage\"},\"image\":{\"@id\":\"https:\\\/\\\/bedandbreakfastdekemahuis.nl\\\/?page_id=236&lang=de#primaryimage\"},\"thumbnailUrl\":\"https:\\\/\\\/bedandbreakfastdekemahuis.nl\\\/wp-content\\\/uploads\\\/2020\\\/07\\\/Panorama.1.def_.72dpi-3-1024x413.jpg\",\"datePublished\":\"2020-06-02T20:52:19+00:00\",\"dateModified\":\"2025-06-23T11:22:01+00:00\",\"breadcrumb\":{\"@id\":\"https:\\\/\\\/bedandbreakfastdekemahuis.nl\\\/?page_id=236&lang=de#breadcrumb\"},\"inLanguage\":\"nl-NL\",\"potentialAction\":[{\"@type\":\"ReadAction\",\"target\":[\"https:\\\/\\\/bedandbreakfastdekemahuis.nl\\\/?page_id=236&lang=de\"]}]},{\"@type\":\"ImageObject\",\"inLanguage\":\"nl-NL\",\"@id\":\"https:\\\/\\\/bedandbreakfastdekemahuis.nl\\\/?page_id=236&lang=de#primaryimage\",\"url\":\"https:\\\/\\\/bedandbreakfastdekemahuis.nl\\\/wp-content\\\/uploads\\\/2020\\\/07\\\/Panorama.1.def_.72dpi-3.jpg\",\"contentUrl\":\"https:\\\/\\\/bedandbreakfastdekemahuis.nl\\\/wp-content\\\/uploads\\\/2020\\\/07\\\/Panorama.1.def_.72dpi-3.jpg\",\"width\":2115,\"height\":852},{\"@type\":\"BreadcrumbList\",\"@id\":\"https:\\\/\\\/bedandbreakfastdekemahuis.nl\\\/?page_id=236&lang=de#breadcrumb\",\"itemListElement\":[{\"@type\":\"ListItem\",\"position\":1,\"name\":\"Home\",\"item\":\"https:\\\/\\\/bedandbreakfastdekemahuis.nl\\\/\"},{\"@type\":\"ListItem\",\"position\":2,\"name\":\"Willkommen\"}]},{\"@type\":\"WebSite\",\"@id\":\"https:\\\/\\\/bedandbreakfastdekemahuis.nl\\\/#website\",\"url\":\"https:\\\/\\\/bedandbreakfastdekemahuis.nl\\\/\",\"name\":\"Bed and Breakfast Dekemahuis\",\"description\":\"Een oase in het hartje van de stad\",\"publisher\":{\"@id\":\"https:\\\/\\\/bedandbreakfastdekemahuis.nl\\\/#organization\"},\"potentialAction\":[{\"@type\":\"SearchAction\",\"target\":{\"@type\":\"EntryPoint\",\"urlTemplate\":\"https:\\\/\\\/bedandbreakfastdekemahuis.nl\\\/?s={search_term_string}\"},\"query-input\":{\"@type\":\"PropertyValueSpecification\",\"valueRequired\":true,\"valueName\":\"search_term_string\"}}],\"inLanguage\":\"nl-NL\"},{\"@type\":\"Organization\",\"@id\":\"https:\\\/\\\/bedandbreakfastdekemahuis.nl\\\/#organization\",\"name\":\"Bed And Breakfast Dekemahuis\",\"url\":\"https:\\\/\\\/bedandbreakfastdekemahuis.nl\\\/\",\"logo\":{\"@type\":\"ImageObject\",\"inLanguage\":\"nl-NL\",\"@id\":\"https:\\\/\\\/bedandbreakfastdekemahuis.nl\\\/#\\\/schema\\\/logo\\\/image\\\/\",\"url\":\"https:\\\/\\\/bedandbreakfastdekemahuis.nl\\\/wp-content\\\/uploads\\\/2020\\\/06\\\/Hero-Image.def_.zonder-adres.gif\",\"contentUrl\":\"https:\\\/\\\/bedandbreakfastdekemahuis.nl\\\/wp-content\\\/uploads\\\/2020\\\/06\\\/Hero-Image.def_.zonder-adres.gif\",\"width\":2400,\"height\":798,\"caption\":\"Bed And Breakfast Dekemahuis\"},\"image\":{\"@id\":\"https:\\\/\\\/bedandbreakfastdekemahuis.nl\\\/#\\\/schema\\\/logo\\\/image\\\/\"},\"sameAs\":[\"https:\\\/\\\/www.facebook.com\\\/Bed-and-Breakfast-Dekemahuis-100113801740109\\\/?ref=nf&amp;amp;amp;hc_ref=ARRSiNTYTanH7JfdS9gjyJaWbj_YzmxISSiUXAHn684rWyem9xiow0GBEohp1vGiymQ\"]}]}<\/script>\n<!-- \/ Yoast SEO plugin. -->","yoast_head_json":{"title":"Willkommen - Bed and Breakfast Dekemahuis","robots":{"index":"index","follow":"follow","max-snippet":"max-snippet:-1","max-image-preview":"max-image-preview:large","max-video-preview":"max-video-preview:-1"},"canonical":"https:\/\/bedandbreakfastdekemahuis.nl\/?page_id=236&lang=de","og_locale":"nl_NL","og_type":"article","og_title":"Willkommen - Bed and Breakfast Dekemahuis","og_description":"Willkommen im Bed und Breakfast Dekemahuis UPDATE: Temporarily not available due to long stay Mitten im historischen Stadtzentrum von Franeker finden Sie dieses attraktive Bed und Breakfast. Das Hotel liegt an den Breedeplaats, wo Sie gem\u00fctliche Terrassen, Gesch\u00e4fte und die monumentale Martini-Kirche finden. Vergessen Sie nicht, zum Royal Eise Eisinga Planetarium, Martena Museum oder Kaatsmuseum [&hellip;]","og_url":"https:\/\/bedandbreakfastdekemahuis.nl\/?page_id=236&lang=de","og_site_name":"Bed and Breakfast Dekemahuis","article_publisher":"https:\/\/www.facebook.com\/Bed-and-Breakfast-Dekemahuis-100113801740109\/?ref=nf&amp%3bamp%3bamp%3bhc_ref=ARRSiNTYTanH7JfdS9gjyJaWbj_YzmxISSiUXAHn684rWyem9xiow0GBEohp1vGiymQ","article_modified_time":"2025-06-23T11:22:01+00:00","og_image":[{"width":2115,"height":852,"url":"https:\/\/bedandbreakfastdekemahuis.nl\/wp-content\/uploads\/2020\/07\/Panorama.1.def_.72dpi-3.jpg","type":"image\/jpeg"}],"twitter_card":"summary_large_image","twitter_misc":{"Geschatte leestijd":"2 minuten"},"schema":{"@context":"https:\/\/schema.org","@graph":[{"@type":"WebPage","@id":"https:\/\/bedandbreakfastdekemahuis.nl\/?page_id=236&lang=de","url":"https:\/\/bedandbreakfastdekemahuis.nl\/?page_id=236&lang=de","name":"Willkommen - Bed and Breakfast Dekemahuis","isPartOf":{"@id":"https:\/\/bedandbreakfastdekemahuis.nl\/#website"},"primaryImageOfPage":{"@id":"https:\/\/bedandbreakfastdekemahuis.nl\/?page_id=236&lang=de#primaryimage"},"image":{"@id":"https:\/\/bedandbreakfastdekemahuis.nl\/?page_id=236&lang=de#primaryimage"},"thumbnailUrl":"https:\/\/bedandbreakfastdekemahuis.nl\/wp-content\/uploads\/2020\/07\/Panorama.1.def_.72dpi-3-1024x413.jpg","datePublished":"2020-06-02T20:52:19+00:00","dateModified":"2025-06-23T11:22:01+00:00","breadcrumb":{"@id":"https:\/\/bedandbreakfastdekemahuis.nl\/?page_id=236&lang=de#breadcrumb"},"inLanguage":"nl-NL","potentialAction":[{"@type":"ReadAction","target":["https:\/\/bedandbreakfastdekemahuis.nl\/?page_id=236&lang=de"]}]},{"@type":"ImageObject","inLanguage":"nl-NL","@id":"https:\/\/bedandbreakfastdekemahuis.nl\/?page_id=236&lang=de#primaryimage","url":"https:\/\/bedandbreakfastdekemahuis.nl\/wp-content\/uploads\/2020\/07\/Panorama.1.def_.72dpi-3.jpg","contentUrl":"https:\/\/bedandbreakfastdekemahuis.nl\/wp-content\/uploads\/2020\/07\/Panorama.1.def_.72dpi-3.jpg","width":2115,"height":852},{"@type":"BreadcrumbList","@id":"https:\/\/bedandbreakfastdekemahuis.nl\/?page_id=236&lang=de#breadcrumb","itemListElement":[{"@type":"ListItem","position":1,"name":"Home","item":"https:\/\/bedandbreakfastdekemahuis.nl\/"},{"@type":"ListItem","position":2,"name":"Willkommen"}]},{"@type":"WebSite","@id":"https:\/\/bedandbreakfastdekemahuis.nl\/#website","url":"https:\/\/bedandbreakfastdekemahuis.nl\/","name":"Bed and Breakfast Dekemahuis","description":"Een oase in het hartje van de stad","publisher":{"@id":"https:\/\/bedandbreakfastdekemahuis.nl\/#organization"},"potentialAction":[{"@type":"SearchAction","target":{"@type":"EntryPoint","urlTemplate":"https:\/\/bedandbreakfastdekemahuis.nl\/?s={search_term_string}"},"query-input":{"@type":"PropertyValueSpecification","valueRequired":true,"valueName":"search_term_string"}}],"inLanguage":"nl-NL"},{"@type":"Organization","@id":"https:\/\/bedandbreakfastdekemahuis.nl\/#organization","name":"Bed And Breakfast Dekemahuis","url":"https:\/\/bedandbreakfastdekemahuis.nl\/","logo":{"@type":"ImageObject","inLanguage":"nl-NL","@id":"https:\/\/bedandbreakfastdekemahuis.nl\/#\/schema\/logo\/image\/","url":"https:\/\/bedandbreakfastdekemahuis.nl\/wp-content\/uploads\/2020\/06\/Hero-Image.def_.zonder-adres.gif","contentUrl":"https:\/\/bedandbreakfastdekemahuis.nl\/wp-content\/uploads\/2020\/06\/Hero-Image.def_.zonder-adres.gif","width":2400,"height":798,"caption":"Bed And Breakfast Dekemahuis"},"image":{"@id":"https:\/\/bedandbreakfastdekemahuis.nl\/#\/schema\/logo\/image\/"},"sameAs":["https:\/\/www.facebook.com\/Bed-and-Breakfast-Dekemahuis-100113801740109\/?ref=nf&amp;amp;amp;hc_ref=ARRSiNTYTanH7JfdS9gjyJaWbj_YzmxISSiUXAHn684rWyem9xiow0GBEohp1vGiymQ"]}]}},"_links":{"self":[{"href":"https:\/\/bedandbreakfastdekemahuis.nl\/index.php?rest_route=\/wp\/v2\/pages\/236","targetHints":{"allow":["GET"]}}],"collection":[{"href":"https:\/\/bedandbreakfastdekemahuis.nl\/index.php?rest_route=\/wp\/v2\/pages"}],"about":[{"href":"https:\/\/bedandbreakfastdekemahuis.nl\/index.php?rest_route=\/wp\/v2\/types\/page"}],"author":[{"embeddable":true,"href":"https:\/\/bedandbreakfastdekemahuis.nl\/index.php?rest_route=\/wp\/v2\/users\/1"}],"replies":[{"embeddable":true,"href":"https:\/\/bedandbreakfastdekemahuis.nl\/index.php?rest_route=%2Fwp%2Fv2%2Fcomments&post=236"}],"version-history":[{"count":19,"href":"https:\/\/bedandbreakfastdekemahuis.nl\/index.php?rest_route=\/wp\/v2\/pages\/236\/revisions"}],"predecessor-version":[{"id":731,"href":"https:\/\/bedandbreakfastdekemahuis.nl\/index.php?rest_route=\/wp\/v2\/pages\/236\/revisions\/731"}],"wp:attachment":[{"href":"https:\/\/bedandbreakfastdekemahuis.nl\/index.php?rest_route=%2Fwp%2Fv2%2Fmedia&parent=236"}],"curies":[{"name":"wp","href":"https:\/\/api.w.org\/{rel}","templated":true}]}}